 -5*n, -2*l + 102 = -s*n + n. What are the prime factors of l?
5, 11
Let w(o) = 6*o**2 + 9*o + 13. Suppose -131 - 145 = -2*b. Suppose j + 144 = b. What are the prime factors of w(j)?
5, 7
Suppose -2*u + 12 = -2. Suppose -g - 5 + u = 0. Suppose 4*j - 3*k = 453, -g*j + 244 = -0*j + 2*k. What are the prime factors of j?
3, 13
Suppose -3*r - 5*q = -26, -9*q + 10*q - 14 = -5*r. What are the prime factors of r - (0 - (-8010)/(-6))?
7, 191
Suppose x - 4*i = -27, 3*x - i = x - 40. Suppose 2726 = 29*b - 58*b. Let k = x - b. List the prime factors of k.
3, 5
Let p be ((-78)/(-12))/(-13) - (-14925)/(-6). Let d = -1472 - p. List the prime factors of d.
2, 127
What are the prime factors of 535/(-3)*-24*23/46?
2, 5, 107
Let o be 1 + 4/(-1 - 3). Suppose -2*v + 31 - 23 = o. Suppose c - d = -3*c + 307, 0 = -v*c - 5*d + 313. What are the prime factors of c?
7, 11
Let s be 5/(40/84) - 2/4. Suppose -10 = -2*y + s. Suppose y*k = 2*k + 512. What are the prime factors of k?
2
Let o(i) = 264*i**2 - 2*i - 57. What are the prime factors of o(-5)?
6553
Let m = -35 + 39. Let b be -5 + -101 + (-20)/m. Let q = 109 - b. List the prime factors of q.
2, 5, 11
Suppose 0 = -5*t + 42 - 17. Let h(p) = p**3 - 8*p**2 + 15*p - 21. Let a be h(7). Suppose -a = -4*b + 3*r, t = 3*b - r + 3*r. List the prime factors of b.
5
Suppose j + 870 + 6658 = w, -4*w + j + 30121 = 0. List the prime factors of w.
17, 443
Let c be -50*3 + 4/(-2). Let t = -345 - -128. Let v = c - t. What are the prime factors of v?
5, 13
Suppose 181 - 33 = 37*b. Suppose b*t = -t + 5505. List the prime factors of t.
3, 367
Let b = 6127 - -11646. List the prime factors of b.
7, 2539
Suppose 137*p = 3407005 + 2312197. What are the prime factors of p?
2, 20873
Let i(y) = -y**3 - 3 + 29*y - 28*y - 1 + 4*y**2. Let x be i(3). Suppose -r - x = -28. What are the prime factors of r?
2, 5
Let z(v) = -38770*v**3 + 16*v**2 - 2*v. What are the prime factors of z(-1)?
2, 9697
Let u(v) be the first derivative of -3*v**2/2 + 26*v - 25. Let n be u(8). Suppose 0 = -2*s + n, -30 = -f + s + 39. List the prime factors of f.
2, 5, 7
Let q(i) be the third derivative of -i**4/8 + 257*i**3/3 - 42*i**2 + 2*i. What are the prime factors of q(0)?
2, 257
Let k(n) = 51 + 11*n**2 - 7 + 10 - 15*n. List the prime factors of k(6).
2, 3, 5
What are the prime factors of ((-5148)/(-42) - 12)*238?
2, 3, 17, 43
Suppose -113 = 3*x + 7. Let l be 6/(((-4)/x)/1). What are the prime factors of ((-434)/(-4) - -1)/(45/l)?
2, 73
Let k be ((-11876)/6)/(4/(-156)). What are the prime factors of 1/3 - k/(-78)?
2, 3, 5, 11
Suppose -738577 = -20*g - 24*g + 1302847. List the prime factors of g.
2, 7, 1657
What are the prime factors of (0 - 1397/3)/((299/390)/(-23))?
2, 5, 11, 127
Let d = -4163 - -4261. What are the prime factors of d?
2, 7
Let f(b) be the second derivative of 3*b**5/20 - 5*b**4/12 - 13*b**3/6 + 5*b**2 - 54*b. List the prime factors of f(5).
3, 5, 13
List the prime factors of 6/(-16) - (44/88 - 7583/8).
947
Let l(o) = -o**2 - 12*o + 8. Let t be l(-9). Suppose 2*p = t + 69. Let i = p - 20. What are the prime factors of i?
2
Let f be 400 + -1 - (-3 + 3)/2. Suppose -21*j + 9702 = -f. List the prime factors of j.
13, 37
Let y = -158 + 188. Let l = 62 - y. List the prime factors of l.
2
Let d = 155 + -613. Let h = d + 765. What are the prime factors of h?
307
List the prime factors of -2372*(-16)/(-128)*-46.
23, 593
Let o(g) = 17*g + 317. Let n be ((-1732)/(-36) - 12) + 2/(-18). List the prime factors of o(n).
929
Let q(x) = 17*x - 5. Let a be ((-3)/(12/(-4)))/(3 - 2). Let z be q(a). Suppose 0*c + 22 = 3*c + 5*o, -c + 3*o + z = 0. List the prime factors of c.
3
Let n(h) = -159*h - 13. Let s be n(-3). Let c = -138 + s. What are the prime factors of c?
2, 163
Let u = 111 - 115. Let o(t) be the third derivative of 7*t**5/60 + t**4/24 - t**3/6 + 3*t**2. What are the prime factors of o(u)?
107
Suppose -4*j + 1339 + 1645 = 4*i, 2222 = 3*i - 5*j. Suppose -2*a - i = -2180. List the prime factors of a.
2, 359
Suppose 0 = -79*w + 82*w - 537. Suppose 3*g - w - 37 = 0. Let x = -65 + g. List the prime factors of x.
7
Suppose 5*q + 10 = 0, -2*q + 499 = -4*h - 109. Let y = 236 + h. What are the prime factors of y?
83
Suppose 0 = 3*i - 3*x - 12072, 4*i = -13*x + 10*x + 16131. List the prime factors of i.
3, 17, 79
Let p(f) = -7*f**3 - 18*f**2 - 5*f + 8. Let x(r) = 8*r**3 + 18*r**2 + 5*r - 7. Let c(t) = -7*p(t) - 6*x(t). What are the prime factors of c(-16)?
2, 11, 19
Suppose 3*j - 14827 - 1112 = -l, 0 = 2*l - 3*j - 31833. List the prime factors of l.
2, 3, 1327
Let i(f) = 295*f**2 - 275*f + 1082. List the prime factors of i(4).
2, 2351
List the prime factors of ((-24)/9 + 3)*(-1121967)/(-33).
7, 1619
Let v = -172 + 99. Let b = -149 - v. Let o = -25 - b. List the prime factors of o.
3, 17
Suppose 7*z - 3*z + 161 = f, 3*z = -2*f + 278. Suppose -1095 - f = 5*b. Let t = -143 - b. List the prime factors of t.
3, 5, 7
Let u be -384 - (3 + -1 + -7). Let a = u - -796. What are the prime factors of a?
3, 139
Suppose -12*m - 14 = -38. Let a(z) = 12*z + 13*z + 4*z**m + 8*z - 26. What are the prime factors of a(-14)?
2, 37
Let b(w) = 90*w + 2454. List the prime factors of b(22).
2, 3, 739
Suppose 0 = -5*n - d + 29 - 21, 0 = -n + 2*d + 6. Suppose c + 0*o + n*o - 1009 = 0, o = 2*c - 2008. List the prime factors of c.
3, 5, 67
Let b = 1485 + -1439. List the prime factors of b.
2, 23
Suppose -110 = t - 0*t. Let z = -34 - t. Suppose 3*i - 212 = -4*u, u - z = -i + 5*u. What are the prime factors of i?
2, 3
Let d be 0 - (144/(-10) - 2/(-5)). Let p(b) = 50 + 28 - 9*b - d - 15. What are the prime factors of p(-13)?
2, 83
Let a = 824 + -828. Suppose -80 = -3*i + i. List the prime factors of (-238)/a*i/70.
2, 17
Let h(x) = 81*x**2 + 3*x - 2. Let z(l) = -l. Let o(f) = h(f) - 2*z(f). Let i be o(3). Let b = i - 482. What are the prime factors of b?
2, 5, 13
Let m(v) = 306*v - 55. Let p be m(2). Let r = p + -181. What are the prime factors of r?
2, 47
Let w be 2822/8 - (14/8 + -2). Let j = 387 - w. What are the prime factors of j?
2, 17
Suppose 15*l - 174728 = 33712. What are the prime factors of l?
2, 3, 193
Let w(l) = 104*l + 338. Let t(c) = -10*c - 34. Let u(b) = -39*t(b) - 4*w(b). Let n = 17 - 24. What are the prime factors of u(n)?
2, 3, 13
Suppose a - 26 = -2. Let v(u) be the second derivative of -u**5/20 + 25*u**4/12 - 17*u**3/6 - 15*u**2 - 46*u. What are the prime factors of v(a)?
2, 3, 23
Let p(j) = -7*j**3 - 4*j**2 + 4*j - 2. Let l be p(2). Let s be l/(-15) + (-1)/((-15)/(-6)). Suppose -s*r = -r - 18. What are the prime factors of r?
2, 3
Suppose 146820 = 10*k + 50*k. What are the prime factors of k?
2447
Let k(t) = -t + 35. Let n be k(26). Suppose 7*h - n - 5 = 0. List the prime factors of ((-2)/8)/(h/(-1592)).
199
Let h(g) = 860*g**2 - 924*g + 4. List the prime factors of h(-4).
2, 3, 5, 97
Suppose 17*m = 21*m - 5228. Suppose 7*z + 54 = m. What are the prime factors of z?
179
Suppose 6*m = 9653 + 12749 - 4342. What are the prime factors of m?
2, 5, 7, 43
Suppose 34 + 10 = 11*l. Suppose -4*g + 2746 = -2*d, g + l*d + d = 670. List the prime factors of g.
5, 137
Suppose -21*q = -62917 - 12326. List the prime factors of q.
3583
Let c = -692 - -1426. Let r = 1141 - c. List the prime factors of r.
11, 37
Let n = 1 + 1. Suppose 0 = 5*m + n*m - 238. Let a = m - 32. List the prime factors of a.
2
Suppose b = -3*h + 56840, 3*b - 8855 + 103593 = 5*h. List the prime factors of h.
18947
Suppose -5*i + 4251 = -12194. Suppose 16*c = i + 5479. What are the prime factors of c?
2, 137
Let f be (-2911)/492 - (-2)/(-24). What are the prime factors of ((-2)/f)/1 - (-16604)/21?
7, 113
Let t be (-5 + 3/(27/57))*-3. List the prime factors of (1160/6)/(t/(-6)).
2, 5, 29
Suppose 0 = -45*r + 29*r + 80. Suppose -4*n = -r*g + 3298, 3*n + 3894 = 5*g + 593. List the prime factors of g.
2, 331
Let f be 0/(-6 + -1 - -6). Suppose f = 23*b - 24*b + 702. List the prime factors of b.
2, 3, 13
Suppose t + 0 = 2*s - 2, -5*s = 5*t - 5. What are the prime factors of (s - (-3)/(-9))/((-6)/(-3906))?
2, 7, 31
Let v be (-546)/(-56) - 6/8. Suppose -4*a - 3975 = -v*a - 3*m, 5*a - 3940 = 4*m. What are the prime factors of a?
2, 3, 11
Suppose -5*l - r - r = -3862, 3*l - r = 2315. Suppose 143*t = 147*t - l. What are the prime factors o